{"id":6304,"date":"2023-01-10T13:51:24","date_gmt":"2023-01-10T12:51:24","guid":{"rendered":"https:\/\/akuratny.com\/fachman\/web2\/?post_type=product&#038;p=6304"},"modified":"2023-07-21T12:41:14","modified_gmt":"2023-07-21T10:41:14","slug":"mikasa-mtx-60e-70kg","status":"publish","type":"product","link":"https:\/\/akuratny.com\/fachman\/web2\/produkt\/mikasa-mtx-60e-70kg\/","title":{"rendered":"Mikasa MTX-60E 70kg"},"content":{"rendered":"<p>[vc_row][vc_column][vc_column_text]Vystu\u017een\u00e1 spodn\u00e1 plat\u0148a pre vy\u0161\u0161iu \u017eivotnos\u0165, viacn\u00e1sobn\u00e1 filtr\u00e1cia vzduchu a paliva, ktor\u00e1 predl\u017euje \u017eivotnos\u0165 motora, chr\u00e1nen\u00fd a spo\u013eahliv\u00fd motor Honda, tlmen\u00e9 vibr\u00e1cie vedenia stroja pre n\u00edzku \u00fanavu obsluhy, po\u010d\u00edtadlo hod\u00edn prev\u00e1dzky a automatick\u00e9 zatv\u00e1ranie paliva: fakty, ktor\u00e9 spolu p\u00f4sobia, \u017ee Mikasa je atrakt\u00edvna zna\u010dka aj pre slovensk\u00fd trh.[\/vc_column_text][\/vc_column][\/vc_row]<\/p>\n","protected":false},"excerpt":{"rendered":"<p>[vc_row][vc_column][vc_column_text]Vystu\u017een\u00e1 spodn\u00e1 plat\u0148a pre vy\u0161\u0161iu \u017eivotnos\u0165, viacn\u00e1sobn\u00e1 filtr\u00e1cia vzduchu a paliva, ktor\u00e1 predl\u017euje \u017eivotnos\u0165 motora, chr\u00e1nen\u00fd a spo\u013eahliv\u00fd motor Honda, tlmen\u00e9 vibr\u00e1cie vedenia stroja pre n\u00edzku \u00fanavu obsluhy, po\u010d\u00edtadlo hod\u00edn prev\u00e1dzky a automatick\u00e9 zatv\u00e1ranie paliva: fakty, ktor\u00e9 spolu p\u00f4sobia, \u017ee Mikasa je atrakt\u00edvna [&hellip;]<\/p>\n","protected":false},"featured_media":6305,"template":"redux-templates_full_width","meta":[],"product_cat":[62,131,132],"product_tag":[],"_links":{"self":[{"href":"https:\/\/akuratny.com\/fachman\/web2\/wp-json\/wp\/v2\/product\/6304"}],"collection":[{"href":"https:\/\/akuratny.com\/fachman\/web2\/wp-json\/wp\/v2\/product"}],"about":[{"href":"https:\/\/akuratny.com\/fachman\/web2\/wp-json\/wp\/v2\/types\/product"}],"wp:featuredmedia":[{"embeddable":true,"href":"https:\/\/akuratny.com\/fachman\/web2\/wp-json\/wp\/v2\/media\/6305"}],"wp:attachment":[{"href":"https:\/\/akuratny.com\/fachman\/web2\/wp-json\/wp\/v2\/media?parent=6304"}],"wp:term":[{"taxonomy":"product_cat","embeddable":true,"href":"https:\/\/akuratny.com\/fachman\/web2\/wp-json\/wp\/v2\/product_cat?post=6304"},{"taxonomy":"product_tag","embeddable":true,"href":"https:\/\/akuratny.com\/fachman\/web2\/wp-json\/wp\/v2\/product_tag?post=6304"}],"curies":[{"name":"wp","href":"https:\/\/api.w.org\/{rel}","templated":true}]}}